is divided by -76*(-9)/30 - (-1)/5.
22
Suppose -3*h - 36 = 69. Calculate the remainder when 19 is divided by 14/h - (-54)/10.
4
Let d(i) = i**2 - 5*i - 2. Let a be d(6). Suppose -3*g = k - 45, 3*g + 20 = a*k + 65. Calculate the remainder when g is divided by 8.
7
Let a(s) = s**2 + s - 3. Let h be a(3). Suppose o - 28 = 4*q - 8, 3*q - 2*o = -15. Let z = q + h. Calculate the remainder when 7 is divided by z.
3
Suppose -g + 4 = 4*a - 2, 3*a = -g + 4. Calculate the remainder when a is divided by 1.
0
Let p(w) = -6 + 12 + 2*w**2 - 10*w - w. Calculate the remainder when p(7) is divided by 15.
12
Suppose 7*c - 4*c - 75 = 0. Let g(s) = -2*s - 3. What is the remainder when c is divided by g(-6)?
7
Suppose -33 = -3*k - 2*k - 2*j, -2*k - 2 = -3*j. Let r = 25 - k. Calculate the remainder when 38 is divided by r.
18
Suppose 0*l = -l + 7. Let k = -18 - -25. Calculate the remainder when k is divided by 2/l + 38/14.
1
Let k(n) = n - 2. Let f(t) = -t**2 + 8*t - 5. Let a(x) = 7*x**2 + x - 1. Let j be a(1). What is the remainder when k(5) is divided by f(j)?
1
Suppose -h + 3*g = -228, -2*h = h - 3*g - 702. What is the remainder when h is divided by 48?
45
Suppose 26 = 3*k - 94. Suppose -m - 25 = -6*m. Suppose 0 = m*v + 5*n + 18 - 103, -2*n = v - 20. Calculate the remainder when k is divided by v.
12
Suppose -4*o + 54 = -46. Suppose 0 = 5*q + o, -q - 4 = t + q. What is the remainder when 16 is divided by t?
4
Suppose -274 = 5*l + 61. Let q = -30 - l. Calculate the remainder when q is divided by 10.
7
Let n = -23 + 27. Let p = 4 - -5. What is the remainder when p is divided by n?
1
Let n(p) = p**2 + 2*p + 3. Calculate the remainder when n(-2) is divided by 2.
1
Let t(j) = j**2 - 2. Let f be t(6). Let c = f + -19. Suppose 0 = 3*a - 185 + 56. What is the remainder when a is divided by c?
13
Calculate the remainder when 36 is divided by (-15)/2*16/(-12)*2.
16
Suppose z + 114 = 7*z. What is the remainder when -1 + 1*(-1 + 38) is divided by z?
17
Let a(r) = r**3 + 6*r**2 - 6*r + 6. Let h be a(-7). Calculate the remainder when 35 is divided by h/(-3 - 168/(-57)).
16
Let p be 8/(4/(-1)) + -6. Let m(w) = -w**2 - 10*w + 1. What is the remainder when m(p) is divided by 5?
2
Let d(j) = j**2 + 13*j. Let u be d(-13). Let f(k) = -1 + 5 + 0 + 2*k + u*k. What is the remainder when 29 is divided by f(3)?
9
Let i(z) = z**3 - 12*z**2 - 2*z + 3. Let t be i(7). What is the remainder when (-14)/(-35) + t/(-10) is divided by 7?
5
Suppose 3*o = 8*o - 75. What is the remainder when 70 is divided by o?
10
Let s(m) = -m**3 + m**2 + 15. Calculate the remainder when s(0) is divided by (-2)/9 - 83/(-9).
6
Let m be (-2)/(-2*(2 + -3)). Let q = 1 + m. Let d(t) = t**3 + t**2 - t + 16. Calculate the remainder when d(q) is divided by 9.
7
Let i be (-3 - -1) + (-65)/(-5). Let k(c) = 3*c - 5. What is the remainder when k(11) is divided by 1 + i + (-4 - -2)?
8
Let l = 5 + 24. Calculate the remainder when l is divided by 7.
1
Suppose 7*j - 135 = 2*j. Let v = 119 + -67. What is the remainder when v is divided by j?
25
Let x(t) = 3*t**3 + 2*t**2 - 2*t + 1. What is the remainder when x(1) is divided by (-7 - -5)/(1*-1)?
0
Let j(f) = 2*f + 5 - 4 - 5 + 1. What is the remainder when j(7) is divided by 4?
3
Let j be 104/10 + 9/15. Suppose -82 = -l - j. What is the remainder when l is divided by 18?
17
Let w = 34 + -29. What is the remainder when w is divided by 3?
2
Let k be (2/(-3))/(10/(-975)). Suppose 0 = 3*t + 2*t - k. Suppose -d - 11 = -2*o, -5*o - 3*d + t = -9. What is the remainder when 12 is divided by o?
2
Suppose -2*n + 3 = 1. Let v be 22/n + 1 + -1. Suppose 3*r - 7*r = 5*x - 21, 0 = 4*x - 2*r - v. What is the remainder when x is divided by 3?
2
Let q = -5 - -28. What is the remainder when q is divided by 14?
9
Let b(c) = 8*c**3 - c. What is the remainder when 15 is divided by b(1)?
1
Let z = -20 - -32. Calculate the remainder when 23 is divided by z.
11
Let l = -15 + 16. What is the remainder when 2 is divided by l?
0
Let c(o) = o**2 + 10*o - 19. What is the remainder when 39 is divided by c(-13)?
19
Let j(r) = -r + 3 - 4*r**2 + 5*r + 5*r**2 + 0. What is the remainder when j(-4) is divided by 1?
0
Calculate the remainder when -3 - (0 + 0 + -56) is divided by 11.
9
Let c(f) = f**3 - f**2 - f + 23. Let d be c(0). Suppose x = -0*x + d. Calculate the remainder when x is divided by 6.
5
Suppose 0 = -g - 3*n + 1, 2*g = 2*n - 4*n + 10. Calculate the remainder when g is divided by 3 + -4 + 3 - -2.
3
Let j(u) = 2*u**2 - 11*u - 2. Let a(q) = -5*q**2 + 23*q + 3. Let n(f) = -3*a(f) - 7*j(f). What is the remainder when 4/6 + 34/3 is divided by n(-8)?
2
Suppose 2*c = -11 - 1. What is the remainder when (-368)/c + (-1)/3 is divided by 23 - (0 + 3 + -1)?
19
Suppose 2*v + 2*m - 18 = -v, m - 21 = -3*v. What is the remainder when 9 is divided by v/(-20) - 32/(-5)?
3
Let y(f) = f - 15. Let m be y(8). Let z = -2 - m. Let r = 25 - 12. Calculate the remainder when r is divided by z.
3
Calculate the remainder when (-6156)/(-99) + 6/(-33) is divided by 22.
18
Let l be -3*4/(-6)*-44. Let d = l - -153. What is the remainder when d is divided by 17?
14
Suppose 4*y + 0*y = h + 518, -653 = -5*y + 4*h. Let f = y - 64. What is the remainder when f is divided by 22?
21
Calculate the remainder when (2 + 15/(-5))*-53 is divided by 18.
17
Suppose -4*p - 3*s + 53 = 0, 4*p - 25 - 4 = 5*s. Calculate the remainder when 14 is divided by p.
3
Suppose 5*b + 8 = 6*b. Suppose -b*j = 5 - 85. Let y(w) = -28*w**3 - 1. Calculate the remainder when y(-1) is divided by j.
7
Let l(b) = -2*b - 5. Let a(d) be the third derivative of -d**4/24 - d**3 + d**2. Let z(c) = -4*a(c) + 5*l(c). What is the remainder when z(-8) is divided by 16?
15
Let g = -13 - -32. Calculate the remainder when 35 is divided by g.
16
Suppose 0*u - 5*u = -350. Suppose 4*l + 0*l + 8 = 0. Let k(r) = -3*r**3 - r**2 - 2*r. Calculate the remainder when u is divided by k(l).
22
Suppose -3*c = -1 - 5. What is the remainder when 57 is divided by 15*((1 - 2) + c)?
12
Suppose 2*t = 12 - 22. Calculate the remainder when 60 is divided by (42/(-8))/(t/20).
18
Suppose 0*w = -w + 20. Suppose -14*z + 16*z - 22 = 0. What is the remainder when w is divided by z?
9
Let w = 7 + -5. Let p(i) = -2 + 1 - 3 + 0 + i. What is the remainder when p(7) is divided by w?
1
Suppose -3*k - 5*p + 31 = 0, 0*p + 17 = -4*k + 5*p. Suppose -102 = -4*g + 5*z, -g + 5*z = k*g - 79. What is the remainder when 45 is divided by g?
22
Let g(w) = -w**2 + w - 3. Let a(s) = -s**2. Let l(v) = -2*a(v) + g(v). Calculate the remainder when 26 is divided by l(3).
8
Let u(j) = 5*j**2 + 2*j + 2. Let x be u(4). Let r = 132 - x. Let t = 64 - r. Calculate the remainder when t is divided by 8.
6
Let v(a) = -a**3 - 17*a**2 - 75*a - 10. Suppose 4*j - 2*c - 172 = 2*c, 2*j = -c + 80. What is the remainder when j is divided by v(-8)?
13
Suppose -3*q - 4*k = 0, 0*k = -5*q - 3*k + 11. Let g = 27 - 16. What is the remainder when g is divided by q?
3
Suppose -2*t - 3*t - 5*f = -30, 0 = t - f - 8. Calculate the remainder when 2/3 - (-116)/6 is divided by t.
6
Let n(l) = -67*l. Let i be n(-1). Let k = i + -26. What is the remainder when k is divided by 14?
13
Suppose -4*g + 3*j = 4*j + 48, 2*g - j = -24. Let v = -6 - g. What is the remainder when 16 is divided by v?
4
Suppose 0 = -5*q + 17 + 33. Suppose 0 = 5*n + 5*t - 115, 0*n - 5*n = 2*t - 100. Calculate the remainder when n is divided by q.
8
Let p(h) = 15*h + 13. What is the remainder when p(6) is divided by 27?
22
Let v(h) = h**2 - h - 7. Let t be v(5). Let a = t - -25. Calculate the remainder when a is divided by 13.
12
Suppose 5 = -4*p + 5*p. Calculate the remainder when 102/p + (-18)/(-30) is divided by 11.
10
Suppose 5*i + 5*t - 121 = t, 4*i - 72 = 3*t. Let j = -9 + 53. Suppose q + j = 5*q. What is the remainder when i is divided by q?
10
Suppose 4*w - 72 = 48. What is the remainder when 119 is divided by w?
29
Let y(q) = 2*q. Let x be y(4). Let j = x + -5. Suppose -j*f + 4*t + 43 = 0, 3*t - 30 = -2*f + 7*t. What is the remainder when 24 is divided by f?
11
Let g(r) = r**2 - 3*r - 8. Let u be g(6). Suppose -4*k + k + 15 = 0. Suppose -k*n = -u*n + 85. Calculate the remainder when 49 is divided by n.
15
Let x(h) = -1. Let u(j) = 5*j**2 + j + 3. Let l(y) = u(y) + 3*x(y). Calculate the rem